 - 3*y(o). Is b(t) a composite number?
True
Suppose -35*p + 4568901 = -963897 - 3805587. Is p prime?
False
Let b = -65 - -68. Suppose -53 - 103 = -b*i. Suppose -i*j = -48*j - 1052. Is j composite?
False
Is (-28 + 30)*(-268373)/(-14) composite?
True
Let m be (-4)/(15 + 1)*-4. Let u be (-5 - 2)*m + -3. Is (-4)/u + (-893)/(-5) composite?
False
Let s(o) = -31 - 525*o + 283*o + 117. Is s(-6) composite?
True
Let p(t) = 271*t + 214. Let v be ((-1)/(-5))/((-3)/(-195)). Is p(v) a prime number?
False
Suppose 3*n = -3*u + 18, u - 3*n + 7 - 1 = 0. Let y(w) = 134*w**2 + 2*w - 11. Is y(u) composite?
False
Suppose 6*s - 303007 = -3*v + s, -v = 5*s - 100989. Is v composite?
False
Let m(t) = 2*t**3 - 11*t**2 - 13*t - 3. Let y(r) = -5*r - 30. Let p be y(-7). Suppose -p*a = -8*a + 27. Is m(a) a prime number?
False
Suppose -19743 + 543991 = f - 5*b, -5*f - 4*b + 2621211 = 0. Is f a prime number?
True
Suppose -l - r = -3, -2*r - 1 = 3*l - 4*r. Suppose -k + 0*g + 2 = -g, -k + 2*g = l. Suppose 6838 = 5*v + a, 4*a - 117 = -k*v + 6730. Is v a prime number?
True
Let l(c) = -4*c - c - 3 + 3*c**2 + 0*c. Suppose 5*d - 4*f = 55, 3*f - 50 = -5*d + 6*f. Is l(d) a prime number?
True
Let d = 74700 + -13337. Is d composite?
False
Let f = 21395 - -14852. Is f a composite number?
True
Is (-12)/(-6) + (-425805)/(-5) + -4 a prime number?
True
Suppose -3*x = x - t - 33301, 5*t - 41595 = -5*x. Let c = -4197 + x. Is c a prime number?
True
Suppose -45*k = -33*k - 24. Is k*(0 - (-1535)/10) a prime number?
True
Suppose -3*b = 4*y - 4*b - 2431, -4*y = b - 2433. Let v = y + 795. Is v a composite number?
True
Let v = 188 - 185. Suppose -8*b - w = -3*b - 6724, b = v*w + 1348. Is b composite?
True
Let r = 83581 + -49418. Is r a prime number?
False
Is (24 + 970/(-40))/(-1 - 812268/(-812272)) prime?
True
Suppose 6*r = -4*r - 73770. Is (-2)/(2*(-3)/r*-1) a prime number?
True
Let v(x) = 15*x**2 - 46*x**2 - 12 - 7*x + 121 + 36*x**2 + 0*x. Is v(30) a prime number?
False
Let u be 13 + -11 - 168352/(-4). Suppose 3*k - u = -14403. Is k composite?
True
Let t(d) = 22916*d - 8046. Is t(10) a prime number?
False
Let b be -5*(37896/(-5))/(-4). Let n = b + 4736. Let s = -3347 - n. Is s a prime number?
False
Let h be (-1 - (11 + 0))*10/20. Let b be ((-18)/h)/(2 + -3). Is (-7430)/(-3) - 1/b prime?
True
Let k(x) = 1383*x - 29. Suppose h - 15 = 3*j, -h - 29*j + 30*j + 9 = 0. Is k(h) a composite number?
False
Let o(s) = -s**3 + 11*s**2 - 12*s + 20. Let b be o(10). Suppose 7*c - 28*c + 169197 = b. Is c a prime number?
False
Let k = 64 + -59. Let y be ((-536)/(-10))/((-2)/k). Let b = y + 201. Is b a composite number?
False
Suppose 0 = 81*x - 77*x + 9612. Let r = 6050 + x. Is r prime?
False
Suppose -8979*m + 8952*m + 2570103 = 0. Is m a prime number?
True
Let o(c) be the third derivative of 205*c**4/6 - 5*c**3/6 + 10*c**2. Let s be o(3). Is (-2)/(14/(-28) + s/4918) prime?
True
Let i = 301 - 75. Let s = i - 23. Is s prime?
False
Let u = -18514 + 53505. Is u prime?
False
Suppose 5*y - 52320 = 5*x, -3*x + 20944 = 2*y - x. Is 4 - (1 + (-2 - y)) a composite number?
True
Suppose 3*a - 571536 = 5*n, n = 5*a + 28956 - 981494. Is a a composite number?
False
Let v = 199339 - 84996. Is v prime?
True
Let j = 977353 + -675606. Is j a composite number?
False
Let s(w) = -28001*w - 2660. Is s(-3) composite?
False
Let p be (-1)/(-3) + (-385)/(-33). Is (-10)/(180/(-39399)) - (-2)/p a prime number?
False
Let j = 549 + -621. Is (-5 + 1)*3*16242/j prime?
True
Let i be (1 - 6222)/(-1 - 0). Let l = i - 3360. Is l composite?
False
Let s = 638 + -385. Let m = s + 828. Is m prime?
False
Let m(k) = -2*k**2 - 58*k - 102. Let o be m(-27). Is o + (-295031)/(-22) - (-1)/2 prime?
True
Let a be -7*((-120)/14)/(-6). Is (-377391)/(-35) + (-4)/a a composite number?
True
Suppose 193*q = 43*q + 591450. Is q a composite number?
False
Let k = 6058 + 20611. Is k a composite number?
False
Let u(y) = 136*y**2 - 99*y - 5424. Is u(-59) prime?
True
Let i = 95 - 77. Let t(f) = 4*f**2 - 19*f - 1. Is t(i) prime?
True
Suppose -7948 = 2*c + 2*h, -4*c - 15896 = -0*c - 4*h. Let n = 7567 + c. Is n composite?
False
Let t = 16663 + -3824. Is t prime?
False
Suppose 332*l = 347*l - 1610655. Is l a composite number?
False
Let d be ((-882)/392)/(3/(-8)). Is 3/9*d*57705/10 a composite number?
True
Suppose 5*o - 4*q + q = 28015, 0 = 2*o + 5*q - 11206. Let t = o - 2620. Suppose 5*n = t + 492. Is n a prime number?
False
Let r(s) be the third derivative of 175*s**4/6 - 57*s**3/2 + 276*s**2. Is r(17) composite?
True
Let c(h) = 173*h**3 - 17*h**2 + 173*h - 31. Is c(10) a composite number?
False
Let u = -47 + 55. Suppose -4*c = 2*k - u, -4*c + 5*k = -0*k - 8. Suppose -3*m + c*l + 2*l + 4393 = 0, 2*l = 4*m - 5844. Is m a prime number?
True
Suppose -103*j = -108*j - 35. Is (-3)/j - (-92768)/56 a prime number?
True
Suppose 4*w + 363666 - 1432030 = 0. Is w a prime number?
False
Let s(w) = 65*w + 73237. Is s(0) a prime number?
True
Let w be (9 - 4)*((-108995)/(-25) - -1). Suppose 6*n = 7314 + w. Is n composite?
True
Let g = 15422 + -9243. Is g composite?
True
Let p be (-6)/9*(-2 + 1 - -4). Let d be (-5488)/p + (0/1 - -3). Suppose 0*x + 4*x = 4*b + 3696, 0 = -3*x - 2*b + d. Is x a composite number?
False
Suppose -4*k - 10 = -2*d, 3*k + 5*d - 15 = 10. Suppose -l + 3*s + 5938 = k, 2*l + 2*l + 2*s - 23738 = 0. Is l prime?
False
Let o(j) = 123*j - 1. Let n be o(1). Let m = -84 + n. Let z = 597 + m. Is z a prime number?
False
Let y(a) = -328*a - 37. Let m(q) = -330*q - 37. Let r(b) = -2*m(b) + 3*y(b). Is r(-9) prime?
True
Let p(m) = -2167*m + 13. Let h be p(-15). Is h/3 + 13/(-39) a composite number?
True
Suppose -t - 249*m = -247*m - 235360, -3*t - 4*m = -706062. Is t composite?
True
Let i be (3 - 22/4)/(1/(-2)). Is 21524/2 - (4 + i) a composite number?
False
Let d(b) = -11*b**2 - 30*b + 87. Let c be d(18). Let o = c + 6880. Is o prime?
False
Let f = 2886 + -1445. Let b = f - 623. Is b a composite number?
True
Let s(n) = 16*n**3 + 7*n**2 - 3*n - 4. Let k be s(-9). Let i = 21561 + k. Is i a composite number?
False
Let p = -40 - -44. Let b be 5*(7/14 - (-2)/p). Suppose 0*q + 2905 = b*q. Is q prime?
False
Suppose 3*q - 18596 = -c, 4*c - 56753 - 17576 = -q. Is c a prime number?
False
Let u be 3989 + -1 + -20 + 14. Suppose -2*x = -x - 3*n - u, 2*n = 4*x - 15898. Is x composite?
True
Suppose 219*p = 217*p + 2366. Suppose 12*l - p = 5*l. Is l prime?
False
Let l(s) be the second derivative of 2597*s**5/20 + s**4/6 - s**3/6 - 81*s. Is l(2) composite?
True
Suppose 5*x + 122953 = 4*y, 8*y - 5*y = -4*x + 92176. Suppose -91915 = -7*o + y. Is o a prime number?
False
Let b = -136 + 246. Suppose -d - b = -t, 2*t = -0*d - d + 217. Is t a composite number?
False
Suppose 5*q - 2*s - 130 = 0, 5*q + 3*s - 140 = 7*s. Suppose q*d - 40919 = 7*d. Is d a prime number?
False
Let l(g) = 10*g**2 - 12*g - 33. Let c(q) = -17*q + 7. Let i be c(1). Is l(i) a composite number?
False
Suppose -3*b - 76 - 820 = 2*q, -5*b = -3*q + 1487. Let l(j) = j**2 - 6*j - 95. Let v be l(-7). Is b*(v - 6/(-2)) a prime number?
False
Let a(l) = 1332*l**2 + 33*l + 5. Is a(24) composite?
False
Let d(k) = -k**2 + 7*k - 6. Let u be d(4). Is (-36590)/(-12) - (u - 315/54) prime?
True
Suppose -h + 15499 = i, -i + 29350 = 5*h - 48121. Is h a composite number?
False
Is (1 - 8/(-108)*1441698) + 80/(-180) composite?
True
Let r(y) = -y**2 - 9*y - 19. Let n be r(-6). Let o be (-5749 - n)*(-5 - 0 - -4). Let h = o + -3809. Is h composite?
True
Let u be -4 - -8*(-5)/20. Is 26737/(u/(-24)*4) a prime number?
True
Let g = 1954 + -778. Suppose 4*o + 3*v = -2*v - g, 5*o - 2*v = -1503. Let l = 3394 - o. Is l a prime number?
False
Let k = -21 - -24. Suppose 13 = f + 2*s, 32 = 7*f - 3*f + k*s. Suppose 2027 + 473 = 2*h + 5*v, 0 = -5*h - f*v + 6265. Is h prime?
False
Suppose -y + 4*l = -17, y + 2*y - 19 = -4*l. Let w(x) = 5*x + y*x - 20 - 79*x + 16*x**2. Is w(15) a composite number?
True
Is (-103 + (10 - -14))*-4943 prime?
False
Let g(p) = 14 - 4 - 67*p - 13. Suppose 0 = 7*v + 13 + 15. Is g(v) prime?
False
Let s(f) be the second derivative of 35*f**4/3 + 4*f**3/3 - f**2 + 4*f + 3. Is s(3) a composite number?
True
Suppose -12 = -3*v - 3*u, 0 = -5*v + 4*u - 15 - 1. Suppose 18169 = -14*q + 29285. Suppose v*h - q = -2*h. Is h a prime number?
True
Let q(h) = -40*h**3 -